{"id":100,"date":"2021-04-22T12:28:20","date_gmt":"2021-04-22T12:28:20","guid":{"rendered":"https:\/\/tampinkoski.fi\/?page_id=100"},"modified":"2026-05-15T08:15:45","modified_gmt":"2026-05-15T05:15:45","slug":"tervetuloa-tampinkoskelle","status":"publish","type":"page","link":"https:\/\/tampinkoski.fi\/","title":{"rendered":"Tervetuloa"},"content":{"rendered":"\n<h4 class=\"wp-block-heading has-text-align-center\" id=\"uusi-ravintolamme-on-avautunut-tampereen-keskustaan-upeaan-funkkisrakennukseen-osoitteeseen-vuolteenkatu-1-ratinan-kulma\"><mark style=\"background-color:rgba(0, 0, 0, 0)\" class=\"has-inline-color has-black-color\">Vuokrasopimuksemme ja toimintamme p\u00e4\u00e4ttyy! <\/mark><\/h4>\n\n\n\n<p class=\"has-text-align-center\" id=\"uusi-ravintolamme-on-avautunut-tampereen-keskustaan-upeaan-funkkisrakennukseen-osoitteeseen-vuolteenkatu-1-ratinan-kulma\"><mark style=\"background-color:rgba(0, 0, 0, 0)\" class=\"has-inline-color has-black-color\">Olemme avoinna viimeist\u00e4 p\u00e4iv\u00e4\u00e4 lauantaina 16.5.2026.<\/mark><\/p>\n\n\n\n<p class=\"has-text-align-center\" id=\"uusi-ravintolamme-on-avautunut-tampereen-keskustaan-upeaan-funkkisrakennukseen-osoitteeseen-vuolteenkatu-1-ratinan-kulma\"><mark style=\"background-color:rgba(0, 0, 0, 0)\" class=\"has-inline-color has-black-color\">HUOM! Viimeisin\u00e4 aukiolop\u00e4ivin\u00e4mme pe 15.- la 16.5. otamme vastaan ainoastaan korttimaksuja (ei k\u00e4teismaksuja). Huomioithan t\u00e4m\u00e4n tullessasi meille, kiitos!<\/mark><\/p>\n\n\n\n<p class=\"has-text-align-center\" id=\"uusi-ravintolamme-on-avautunut-tampereen-keskustaan-upeaan-funkkisrakennukseen-osoitteeseen-vuolteenkatu-1-ratinan-kulma\"><strong><mark style=\"background-color:rgba(0, 0, 0, 0)\" class=\"has-inline-color has-black-color\">L\u00e4mmin kiitos asiakkaillemme n\u00e4ist\u00e4 viidest\u00e4 vuodesta. <\/mark><\/strong><\/p>\n\n\n\n<p class=\"has-text-align-center\" id=\"uusi-ravintolamme-on-avautunut-tampereen-keskustaan-upeaan-funkkisrakennukseen-osoitteeseen-vuolteenkatu-1-ratinan-kulma\"><strong><mark style=\"background-color:rgba(0, 0, 0, 0)\" class=\"has-inline-color has-black-color\">Juhlitaan yhdess\u00e4 loppuun saakka, ja tyhjennet\u00e4\u00e4n Tampinkoski yhdess\u00e4, varaa p\u00f6yt\u00e4 ja tule herkuttelemaan!<\/mark><\/strong><\/p>\n\n\n\n<hr class=\"wp-block-separator has-alpha-channel-opacity\"\/>\n\n\n\n<p class=\"has-text-align-center\" id=\"uusi-ravintolamme-on-avautunut-tampereen-keskustaan-upeaan-funkkisrakennukseen-osoitteeseen-vuolteenkatu-1-ratinan-kulma\"><mark style=\"background-color:rgba(0, 0, 0, 0)\" class=\"has-inline-color has-black-color\"><strong>Ravintolamme sijaitsee Tampereen keskustassa upeassa funkkisrakennuksessa osoitteessa Vuolteenkatu 1, Ratinan kulma.<\/strong><\/mark><\/p>\n\n\n\n<hr class=\"wp-block-separator has-css-opacity\"\/>\n\n\n\n<h4 class=\"wp-block-heading has-text-align-center\" id=\"tarkeinta-on-palvelu\"><mark style=\"background-color:rgba(0, 0, 0, 0)\" class=\"has-inline-color has-black-color\">T\u00e4rkeint\u00e4 on palvelu.<\/mark><\/h4>\n\n\n\n<p class=\"has-text-align-center\"><mark style=\"background-color:rgba(0, 0, 0, 0)\" class=\"has-inline-color has-black-color\">Tampinkoski Kitchen &amp; Bar on ruoka- ja juomaravintola Tampereen keskustassa, jossa saa mahtavaa palvelua ja konstailematonta, maukasta ruokaa, sek\u00e4 erinomaisia oluita ja viinej\u00e4. Tule nauttimaan rennosta tunnelmasta seurassa tai yksin, t\u00e4\u00e4lt\u00e4 ei poistuta n\u00e4lk\u00e4isen\u00e4 eik\u00e4 janoisena!<\/mark><\/p>\n\n\n\n<p class=\"has-text-align-center\"><mark style=\"background-color:rgba(0, 0, 0, 0)\" class=\"has-inline-color has-black-color\">Tampinkoski Kitchen &amp; Bar is a local restaurant in the center of Tampere (Vuolteenkatu 1). Here you can enjoy delicious&nbsp;dinner, spectacular wines or have a beer or two. In the summertime you can sip icecold drinks also in the beautiful and cozy terrace.<\/mark><\/p>\n\n\n\n<hr class=\"wp-block-separator has-css-opacity\"\/>\n\n\n\n<p class=\"has-text-align-center\"><\/p>\n\n\n\n<h4 class=\"wp-block-heading has-text-align-center\" id=\"olemme-avoinna\"><mark style=\"background-color:rgba(0, 0, 0, 0)\" class=\"has-inline-color has-black-color\">Olemme avoinna<\/mark>:<\/h4>\n\n\n\n<p class=\"has-text-align-center\"><mark style=\"background-color:rgba(0, 0, 0, 0)\" class=\"has-inline-color has-black-color\">Ti- to klo 15- 22<\/mark><\/p>\n\n\n\n<p class=\"has-text-align-center\"><mark style=\"background-color:rgba(0, 0, 0, 0)\" class=\"has-inline-color has-black-color\"><em>(Keitti\u00f6 avoinna klo 15- 21)<\/em><\/mark><\/p>\n\n\n\n<p class=\"has-text-align-center\"><mark style=\"background-color:rgba(0, 0, 0, 0)\" class=\"has-inline-color has-black-color\">Pe klo 15- 2<\/mark>3<\/p>\n\n\n\n<p class=\"has-text-align-center\"><mark style=\"background-color:rgba(0, 0, 0, 0)\" class=\"has-inline-color has-black-color\"><em>(Keitti\u00f6 avoinna klo 15- 22)<\/em><\/mark><\/p>\n\n\n\n<p class=\"has-text-align-center\"><mark style=\"background-color:rgba(0, 0, 0, 0)\" class=\"has-inline-color has-black-color\">La klo 14- 2<\/mark>3<\/p>\n\n\n\n<p class=\"has-text-align-center\"><mark style=\"background-color:rgba(0, 0, 0, 0)\" class=\"has-inline-color has-black-color\"><em>(Keitti\u00f6 avoinna klo 14- 22)<\/em><\/mark><\/p>\n\n\n\n<hr class=\"wp-block-separator has-alpha-channel-opacity\"\/>\n\n\n\n<p class=\"has-text-align-center\"><\/p>\n\n\n\n<hr class=\"wp-block-separator has-alpha-channel-opacity\"\/>\n\n\n\n<hr class=\"wp-block-separator has-alpha-channel-opacity\"\/>\n\n\n\n<p><\/p>\n\n\n\n<h3 class=\"wp-block-heading has-text-align-center\"><mark style=\"background-color:rgba(0, 0, 0, 0)\" class=\"has-inline-color has-black-color\">Tampparin HAPPY HOUR<\/mark><\/h3>\n\n\n\n<p class=\"has-text-align-center\"><mark style=\"background-color:rgba(0, 0, 0, 0)\" class=\"has-inline-color has-black-color\">Karhu III, Crowmoor ja Long drink huikeaan tarjoushintaan 6\u20ac&nbsp;<\/mark><\/p>\n\n\n\n<p class=\"has-text-align-center\"><mark style=\"background-color:rgba(0, 0, 0, 0)\" class=\"has-inline-color has-black-color\">HAPPY HOUR ti \u2013 to klo 15 \u2013 17<\/mark><\/p>\n\n\n\n<hr class=\"wp-block-separator has-css-opacity\"\/>\n\n\n\n<p class=\"has-text-align-center\"><mark style=\"background-color:rgba(0, 0, 0, 0)\" class=\"has-inline-color has-black-color\">Varaa p\u00f6yt\u00e4 k\u00e4tev\u00e4sti <a href=\"https:\/\/tampinkoski.fi\/index.php\/varaa-poyta\/\">Quandoon<\/a> kautta ja tule herkuttelemaan.<\/mark><\/p>\n","protected":false},"excerpt":{"rendered":"<p>Vuokrasopimuksemme ja toimintamme p\u00e4\u00e4ttyy! Olemme avoinna viimeist\u00e4 p\u00e4iv\u00e4\u00e4 lauantaina 16.5.2026. HUOM! Viimeisin\u00e4 aukiolop\u00e4ivin\u00e4mme pe 15.- la 16.5. otamme vastaan ainoastaan korttimaksuja (ei k\u00e4teismaksuja). Huomioithan t\u00e4m\u00e4n tullessasi meille, kiitos! L\u00e4mmin kiitos asiakkaillemme n\u00e4ist\u00e4 viidest\u00e4 vuodesta. Juhlitaan yhdess\u00e4 loppuun saakka, ja tyhjennet\u00e4\u00e4n Tampinkoski yhdess\u00e4, varaa p\u00f6yt\u00e4 ja tule herkuttelemaan! Ravintolamme sijaitsee Tampereen keskustassa upeassa funkkisrakennuksessa osoitteessa Vuolteenkatu <a href=\"https:\/\/tampinkoski.fi\/\" class=\"more-link\">[&hellip;]<\/a><\/p>\n","protected":false},"author":1,"featured_media":0,"parent":0,"menu_order":0,"comment_status":"closed","ping_status":"closed","template":"","meta":{"footnotes":""},"class_list":["post-100","page","type-page","status-publish","hentry"],"yoast_head":"<!-- This site is optimized with the Yoast SEO plugin v27.6 - https:\/\/yoast.com\/product\/yoast-seo-wordpress\/ -->\n<title>Tampinkoski Kitchen &amp; Bar<\/title>\n<meta name=\"description\" content=\"Kitchen &amp; Bar Tampinkoski on ruoka- ja juomaravintola, jossa saa Tampereen parasta palvelua ja maukasta ruokaa, sek\u00e4 erinomaisia juomia.\" \/>\n<meta name=\"robots\" content=\"index, follow, max-snippet:-1, max-image-preview:large, max-video-preview:-1\" \/>\n<link rel=\"canonical\" href=\"https:\/\/tampinkoski.fi\/\" \/>\n<meta property=\"og:locale\" content=\"fi_FI\" \/>\n<meta property=\"og:type\" content=\"article\" \/>\n<meta property=\"og:title\" content=\"Tampinkoski Kitchen &amp; Bar\" \/>\n<meta property=\"og:description\" content=\"Kitchen &amp; Bar Tampinkoski on ruoka- ja juomaravintola, jossa saa Tampereen parasta palvelua ja maukasta ruokaa, sek\u00e4 erinomaisia juomia.\" \/>\n<meta property=\"og:url\" content=\"https:\/\/tampinkoski.fi\/\" \/>\n<meta property=\"og:site_name\" content=\"Tampinkoski Kitchen &amp; Bar\" \/>\n<meta property=\"article:publisher\" content=\"https:\/\/www.facebook.com\/tampinkoskikitchenbar\" \/>\n<meta property=\"article:modified_time\" content=\"2026-05-15T05:15:45+00:00\" \/>\n<meta property=\"og:image\" content=\"https:\/\/tampinkoski.fi\/wp-content\/uploads\/2021\/04\/tampinkoski-logo-black-transparent.png\" \/>\n\t<meta property=\"og:image:width\" content=\"2000\" \/>\n\t<meta property=\"og:image:height\" content=\"1000\" \/>\n\t<meta property=\"og:image:type\" content=\"image\/png\" \/>\n<meta name=\"twitter:card\" content=\"summary_large_image\" \/>\n<meta name=\"twitter:label1\" content=\"Arvioitu lukuaika\" \/>\n\t<meta name=\"twitter:data1\" content=\"1 minuutti\" \/>\n<script type=\"application\/ld+json\" class=\"yoast-schema-graph\">{\"@context\":\"https:\\\/\\\/schema.org\",\"@graph\":[{\"@type\":\"WebPage\",\"@id\":\"https:\\\/\\\/tampinkoski.fi\\\/\",\"url\":\"https:\\\/\\\/tampinkoski.fi\\\/\",\"name\":\"Tampinkoski Kitchen & Bar\",\"isPartOf\":{\"@id\":\"https:\\\/\\\/tampinkoski.fi\\\/#website\"},\"datePublished\":\"2021-04-22T12:28:20+00:00\",\"dateModified\":\"2026-05-15T05:15:45+00:00\",\"description\":\"Kitchen & Bar Tampinkoski on ruoka- ja juomaravintola, jossa saa Tampereen parasta palvelua ja maukasta ruokaa, sek\u00e4 erinomaisia juomia.\",\"breadcrumb\":{\"@id\":\"https:\\\/\\\/tampinkoski.fi\\\/#breadcrumb\"},\"inLanguage\":\"fi\",\"potentialAction\":[{\"@type\":\"ReadAction\",\"target\":[\"https:\\\/\\\/tampinkoski.fi\\\/\"]}]},{\"@type\":\"BreadcrumbList\",\"@id\":\"https:\\\/\\\/tampinkoski.fi\\\/#breadcrumb\",\"itemListElement\":[{\"@type\":\"ListItem\",\"position\":1,\"name\":\"Etusivu\",\"item\":\"https:\\\/\\\/tampinkoski.fi\\\/\"},{\"@type\":\"ListItem\",\"position\":2,\"name\":\"Tervetuloa\"}]},{\"@type\":\"WebSite\",\"@id\":\"https:\\\/\\\/tampinkoski.fi\\\/#website\",\"url\":\"https:\\\/\\\/tampinkoski.fi\\\/\",\"name\":\"Tampinkoski Kitchen &amp; Bar\",\"description\":\"Kitchen &amp; Bar Tampinkoski on ruoka- ja juomaravintola, jossa saa Tampereen parasta palvelua ja konstailematonta, maukasta ruokaa, sek\u00e4 erinomaisia oluita ja viinej\u00e4.\",\"publisher\":{\"@id\":\"https:\\\/\\\/tampinkoski.fi\\\/#organization\"},\"potentialAction\":[{\"@type\":\"SearchAction\",\"target\":{\"@type\":\"EntryPoint\",\"urlTemplate\":\"https:\\\/\\\/tampinkoski.fi\\\/?s={search_term_string}\"},\"query-input\":{\"@type\":\"PropertyValueSpecification\",\"valueRequired\":true,\"valueName\":\"search_term_string\"}}],\"inLanguage\":\"fi\"},{\"@type\":\"Organization\",\"@id\":\"https:\\\/\\\/tampinkoski.fi\\\/#organization\",\"name\":\"Tampinkoski Kitchen & Bar\",\"url\":\"https:\\\/\\\/tampinkoski.fi\\\/\",\"logo\":{\"@type\":\"ImageObject\",\"inLanguage\":\"fi\",\"@id\":\"https:\\\/\\\/tampinkoski.fi\\\/#\\\/schema\\\/logo\\\/image\\\/\",\"url\":\"https:\\\/\\\/tampinkoski.fi\\\/wp-content\\\/uploads\\\/2021\\\/04\\\/tampinkoski-logo-black-transparent.png\",\"contentUrl\":\"https:\\\/\\\/tampinkoski.fi\\\/wp-content\\\/uploads\\\/2021\\\/04\\\/tampinkoski-logo-black-transparent.png\",\"width\":2000,\"height\":1000,\"caption\":\"Tampinkoski Kitchen & Bar\"},\"image\":{\"@id\":\"https:\\\/\\\/tampinkoski.fi\\\/#\\\/schema\\\/logo\\\/image\\\/\"},\"sameAs\":[\"https:\\\/\\\/www.facebook.com\\\/tampinkoskikitchenbar\",\"https:\\\/\\\/www.instagram.com\\\/tampinkoskikitchenbar\\\/\"]}]}<\/script>\n<!-- \/ Yoast SEO plugin. -->","yoast_head_json":{"title":"Tampinkoski Kitchen & Bar","description":"Kitchen & Bar Tampinkoski on ruoka- ja juomaravintola, jossa saa Tampereen parasta palvelua ja maukasta ruokaa, sek\u00e4 erinomaisia juomia.","robots":{"index":"index","follow":"follow","max-snippet":"max-snippet:-1","max-image-preview":"max-image-preview:large","max-video-preview":"max-video-preview:-1"},"canonical":"https:\/\/tampinkoski.fi\/","og_locale":"fi_FI","og_type":"article","og_title":"Tampinkoski Kitchen & Bar","og_description":"Kitchen & Bar Tampinkoski on ruoka- ja juomaravintola, jossa saa Tampereen parasta palvelua ja maukasta ruokaa, sek\u00e4 erinomaisia juomia.","og_url":"https:\/\/tampinkoski.fi\/","og_site_name":"Tampinkoski Kitchen &amp; Bar","article_publisher":"https:\/\/www.facebook.com\/tampinkoskikitchenbar","article_modified_time":"2026-05-15T05:15:45+00:00","og_image":[{"width":2000,"height":1000,"url":"https:\/\/tampinkoski.fi\/wp-content\/uploads\/2021\/04\/tampinkoski-logo-black-transparent.png","type":"image\/png"}],"twitter_card":"summary_large_image","twitter_misc":{"Arvioitu lukuaika":"1 minuutti"},"schema":{"@context":"https:\/\/schema.org","@graph":[{"@type":"WebPage","@id":"https:\/\/tampinkoski.fi\/","url":"https:\/\/tampinkoski.fi\/","name":"Tampinkoski Kitchen & Bar","isPartOf":{"@id":"https:\/\/tampinkoski.fi\/#website"},"datePublished":"2021-04-22T12:28:20+00:00","dateModified":"2026-05-15T05:15:45+00:00","description":"Kitchen & Bar Tampinkoski on ruoka- ja juomaravintola, jossa saa Tampereen parasta palvelua ja maukasta ruokaa, sek\u00e4 erinomaisia juomia.","breadcrumb":{"@id":"https:\/\/tampinkoski.fi\/#breadcrumb"},"inLanguage":"fi","potentialAction":[{"@type":"ReadAction","target":["https:\/\/tampinkoski.fi\/"]}]},{"@type":"BreadcrumbList","@id":"https:\/\/tampinkoski.fi\/#breadcrumb","itemListElement":[{"@type":"ListItem","position":1,"name":"Etusivu","item":"https:\/\/tampinkoski.fi\/"},{"@type":"ListItem","position":2,"name":"Tervetuloa"}]},{"@type":"WebSite","@id":"https:\/\/tampinkoski.fi\/#website","url":"https:\/\/tampinkoski.fi\/","name":"Tampinkoski Kitchen &amp; Bar","description":"Kitchen &amp; Bar Tampinkoski on ruoka- ja juomaravintola, jossa saa Tampereen parasta palvelua ja konstailematonta, maukasta ruokaa, sek\u00e4 erinomaisia oluita ja viinej\u00e4.","publisher":{"@id":"https:\/\/tampinkoski.fi\/#organization"},"potentialAction":[{"@type":"SearchAction","target":{"@type":"EntryPoint","urlTemplate":"https:\/\/tampinkoski.fi\/?s={search_term_string}"},"query-input":{"@type":"PropertyValueSpecification","valueRequired":true,"valueName":"search_term_string"}}],"inLanguage":"fi"},{"@type":"Organization","@id":"https:\/\/tampinkoski.fi\/#organization","name":"Tampinkoski Kitchen & Bar","url":"https:\/\/tampinkoski.fi\/","logo":{"@type":"ImageObject","inLanguage":"fi","@id":"https:\/\/tampinkoski.fi\/#\/schema\/logo\/image\/","url":"https:\/\/tampinkoski.fi\/wp-content\/uploads\/2021\/04\/tampinkoski-logo-black-transparent.png","contentUrl":"https:\/\/tampinkoski.fi\/wp-content\/uploads\/2021\/04\/tampinkoski-logo-black-transparent.png","width":2000,"height":1000,"caption":"Tampinkoski Kitchen & Bar"},"image":{"@id":"https:\/\/tampinkoski.fi\/#\/schema\/logo\/image\/"},"sameAs":["https:\/\/www.facebook.com\/tampinkoskikitchenbar","https:\/\/www.instagram.com\/tampinkoskikitchenbar\/"]}]}},"_links":{"self":[{"href":"https:\/\/tampinkoski.fi\/index.php\/wp-json\/wp\/v2\/pages\/100","targetHints":{"allow":["GET"]}}],"collection":[{"href":"https:\/\/tampinkoski.fi\/index.php\/wp-json\/wp\/v2\/pages"}],"about":[{"href":"https:\/\/tampinkoski.fi\/index.php\/wp-json\/wp\/v2\/types\/page"}],"author":[{"embeddable":true,"href":"https:\/\/tampinkoski.fi\/index.php\/wp-json\/wp\/v2\/users\/1"}],"replies":[{"embeddable":true,"href":"https:\/\/tampinkoski.fi\/index.php\/wp-json\/wp\/v2\/comments?post=100"}],"version-history":[{"count":156,"href":"https:\/\/tampinkoski.fi\/index.php\/wp-json\/wp\/v2\/pages\/100\/revisions"}],"predecessor-version":[{"id":1543,"href":"https:\/\/tampinkoski.fi\/index.php\/wp-json\/wp\/v2\/pages\/100\/revisions\/1543"}],"wp:attachment":[{"href":"https:\/\/tampinkoski.fi\/index.php\/wp-json\/wp\/v2\/media?parent=100"}],"curies":[{"name":"wp","href":"https:\/\/api.w.org\/{rel}","templated":true}]}}